{"id":23862,"date":"2024-01-04T12:57:11","date_gmt":"2024-01-04T10:57:11","guid":{"rendered":"https:\/\/www.stylediary.ro\/wordpress\/?page_id=23862"},"modified":"2024-01-04T12:57:12","modified_gmt":"2024-01-04T10:57:12","slug":"gaseste-ti-cuvantul-anului","status":"publish","type":"page","link":"https:\/\/www.stylediary.ro\/wordpress\/gaseste-ti-cuvantul-anului\/","title":{"rendered":"Gaseste-ti CUVANTUL ANULUI"},"content":{"rendered":"\n<h2 class=\"wp-block-heading has-text-align-center\"><strong><mark style=\"background-color:#fcb900\" class=\"has-inline-color\">Sambata, 13 ianuarie 2024 &#8211; 6:30 &#8211; 9:00 pm<\/mark><\/strong><\/h2>\n\n\n\n<p><\/p>\n\n\n\n<p><em>Esti in cautarea unui exercitiu pe care sa il transformi in ritual, la fiecare inceput de an?<br>Iti doresti o practica de explorare, care sa imbine intentiile, puterea personala si invitatia la imaginatie, pe care sa o simti mai motivanta si mai puternica decat traditionalele liste de &#8222;rezolutii de An Nou&#8221;?<br>Iti imaginezi cum ar putea arata un an din viata ta, eliberat de obligatii, asteptari din partea celorlalti si fara obiective care le copiaza pe ale altora?<\/em><\/p>\n\n\n\n<p>Un &#8222;cuvant al anului&#8221; este un cuvant care iti poate fi companion si sprijin la nevoie, o afirmatie pozitiva sau o invitatie pe care ti-o repeti din cand in cand. Cuvantul Anului este busola care iti va ghida urmatoarele 365 de zile. Cuvantul va fi definitia anului tau, asa cum ti-o creezi tu. <\/p>\n\n\n\n<p>Unii ani iti vor cere cuvinte blande, care sa-ti poarte de grija, sa te protejeze si mangaie. Altii iti vor cere cuvinte pline de curaj, puternice si inflacarate.<\/p>\n\n\n\n<p>In acest workshop, pe care <strong><em>il sustin o singura data pe an<\/em><\/strong>, te voi ajuta sa te conectezi cu dorintele tale cele mai profunde, cu intuitia si cu imaginatia ta, pentru ca la final sa &#8222;prinzi&#8221; sentimentul &#8211; daca nu chiar si imaginea! &#8211; anului care ti se deschide in fata. Iti voi pune la dispozitie mai multe instrumente practice, prin care vei transforma Cuvantul Anului intr-un foarte simplu si bland exercitiu zilnic.<\/p>\n\n\n\n<figure class=\"wp-block-pullquote is-style-default\"><blockquote><p><strong>Cuvantul tau iti va fi ancora cand va fi nevoie sa verbalizezi un &#8222;da&#8221; sau un &#8222;nu&#8221;, iti va fi alaturi cand vei vrea sa te conectezi cu intuitia ta, iti va oferi claritate cand vei crea ceea ce e adevarat si frumos pentru tine.<\/strong><\/p><\/blockquote><\/figure>\n\n\n\n<h2 class=\"wp-block-heading\"><strong>Stii ce cuvant te cheama pentru 2024?<\/strong><\/h2>\n\n\n\n<p>Imi aleg cate un Cuvant al Anului de aproape 10 ani, iar pentru intalnirea noastra din 13 ianuarie am strans lectiile primite in tot acest timp, sub forma unor tehnici si exercitii pentru:<\/p>\n\n\n\n<ul class=\"wp-block-list\">\n<li>selectia, filtrarea si identificarea Cuvantului tau<\/li>\n\n\n\n<li>modalitati pentru a &#8222;trai&#8221; energia cuvantului ales, pe tot parcursul anului<\/li>\n\n\n\n<li>vizualizarea felului in care ti s-ar putea desfasura anul, daca ai stii cum sa il integrezi in toate actiunile tale<\/li>\n\n\n\n<li>cum sa il onorezi si, la final de an, sa il lasi sa se odihneasca (pentru a reincepe un ciclu nou, la un inceput nou de an, cu un Cuvant nou)<\/li>\n<\/ul>\n\n\n\n<h3 class=\"wp-block-heading has-text-align-center\"><mark style=\"background-color:rgba(0, 0, 0, 0)\" class=\"has-inline-color has-vivid-red-color\"><strong>Cand: sambata, 13 ianuarie 2024, intre orele 6:30 &#8211; 9:00 seara<br>Unde: online, pe Zoom<br>Cat costa: 150 lei<br><em>(optional, poti achizitiona doar caietul cu exercitii: 85 lei)<\/em><\/strong><\/mark><\/h3>\n\n\n\n<p><\/p>\n\n\n\n<h2 class=\"wp-block-heading\"><strong>Ca sa participi:<\/strong><\/h2>\n\n\n\n<p>Trimiti un mesaj la <a rel=\"noreferrer noopener\" href=\"mailto:inscrieri@imagematters.ro\" target=\"_blank\">inscrieri@imagematters.ro<\/a>.<br>Primesti un mail cu coordonatele pentru plata.<br>In urma confirmatii platii, primesti linkul de Zoom pentru seara de 13.01 si linkul de download pentru workbook (sau doar linkul de download, daca preferi doar caietul cu exercitii)<\/p>\n\n\n\n<p><strong>Ce iti va prinde bine in seara respectiva:<\/strong><\/p>\n\n\n\n<ul class=\"wp-block-list\">\n<li>ceva de scris, ca sa poti completa workbookul<\/li>\n\n\n\n<li>2 ore libere, o patura sau imbracaminte comoda<\/li>\n\n\n\n<li>inima deschisa &lt;3<\/li>\n<\/ul>\n\n\n\n<p><\/p>\n\n\n\n<h2 class=\"wp-block-heading\"><strong>Ce mi-au scris de-a lungul anilor participantele la Cuvantul Anului<\/strong><\/h2>\n\n\n\n<p>Irina draga,<br>Ca o calatorie a fost sa imi gasesc cuvantul anului 2023: mi-a placut fiecare pas, desi uneori parca zburam, iar alteori imi era greu sa il fac pe urmatorul. <strong>Curaj <\/strong>e cuvantul meu si ce ma bucur ca l-am gasit &#8211; datorita tie. Iti multumesc si sper sa ajunga la tine toata recunostinta pe care ti-o port pentru tot ce ai pregatit, tot ce ai creat.<br>Sa iti fie anul asa cum iti e si sufletul &#8211; frumos!<br>Oana M<\/p>\n\n\n\n<p>Este cel de-al treilea an \u00een care te urmez \u00een descoperirea Cuv\u00e2ntului. Sunt una din cele 439 de femei c\u0103rora tu ne-ai \u00eentins Aripa Inspira\u021biei! \u00cenc\u0103 \u0219i \u00eenc\u0103 o dat\u0103, mul\u021bumiri!<br>\u00cen primul an m-a ales <strong>Delicate\u021be<\/strong>, cuv\u00e2nt care m\u0103 tot urmeaz\u0103 de atunci, \u0219i da, acum nu m\u0103 mai d\u0103 peste cap ca la \u00eenceput! Anul trecut am ales u\u0219or for\u021bat <strong>Vindecare <\/strong>\u0219i m-am ales cu <strong>Transformare<\/strong>. A fost un an dens, dureros, exasperant adesea! M-am &#8222;lep\u0103dat&#8221; r\u00e2nduri, r\u00e2nduri de piei, una mai incomod\u0103 ca alta. A fost unul din anii \u00een care am pl\u00e2ns cel mai mult.Ei bine, drag\u0103 Irina, pentru anul acesta m-am trezit cu Cuv\u00e2ntul anului de pe la jum\u0103tatea lui decembrie. Eram convins\u0103 c\u0103 nu-mi mai aleg un cuv\u00e2nt, m-au zdruncinat suficient cele alese! Ha, ha, ha! Cuv\u00e2ntul anului 2023 este <strong>CELEBRARE<\/strong>!<br>M-a surprins cu ce for\u021b\u0103 s-a insinuat \u00een ochii mei, \u00een g\u00e2ndurile mele, \u00een existen\u021ba mea! Eu sunt contabil, nu e un cuv\u00e2nt de care s\u0103 m\u0103 \u00eempiedic \u00een balan\u021be, fi\u0219e \u0219i alte acte!!! De pe 14 decembrie nu a fost zi s\u0103 nu dau peste el! \u0218i de ales pentru mine, la modul con\u0219tient, asumat, este <strong>\u00ceNG\u0102DUIN\u021a\u0102<\/strong>.<br>\u00ce\u021bi voi mai scrie despre minunile Cuvintelor care m-au ales \u0219i pe care le-am ales. Am vrut s\u0103 prime\u0219ti ast\u0103zi, \u00een prima zi a anului, darul pe care ni l-ai oferit cu at\u00e2ta iubire, c\u0103ci Iubire este totul, a\u0219a cum ai spus!<br>Odetta<\/p>\n\n\n\n<p>Servus, draga Irina!<br>Am urmarit cu mare drag programelul cu cuvantul anului si mi-am dat seama, destul de curand, ca deja cuvantul meu se formase cu cateva saptamani bune inainte &#8211; <strong>ACASA <\/strong>\ud83d\ude42<br>2022 sta sub semnul lui &#8222;acasa&#8221;: voi proiecta si primi casuta mea mult-visata, si in acelasi timp, voi invata sa devin propriul meu &#8222;acasa&#8221;. Anul trecut am prins, in sfarsit, ideea si am inteles ca totul porneste de la si se intoarce la mine. Felul in care ma &#8222;construiesc&#8221; si imi recunosc arhitectura interioara creeaza si lumea din jurul meu. Sa fie ceva frumos si solid, zic \ud83d\ude42<br>Te imbratisez si iti multumesc.<br>Anda R<\/p>\n\n\n\n<p>Drag\u0103 Irina,<br>Recunosc c\u0103 mi-a pl\u0103cut enorm ideea propus\u0103 de tine \u00eenc\u0103 de la \u00eenceput. Mi s-a p\u0103rut perfect\u0103 dup\u0103 un an \u00een care de\u0219i am stat deseori cu g\u00e2ndurile mele, rar am reu\u0219it s\u0103 ob\u021bin claritate cu at\u00e2t mai mult cu c\u00e2t acest Cr\u0103ciun &#8211; s\u0103rb\u0103toarea mea preferat\u0103 dintotdeauna, o constant\u0103 \u00een via\u021ba mea &#8211; a fost altfel.<br>Am decis s\u0103 \u00eencep exerci\u021biul t\u0103u din prima zi \u0219i mi-a ap\u0103rut, repetat, \u00een minte cuv\u00e2ntul &#8222;<strong>tihn\u0103<\/strong>&#8222;. In 31 mi-am dat seama c\u0103 trebuie s\u0103 g\u0103sesc ceva care s\u0103 \u00eemi dea de lucru. Ceva frumos. \u0218i am reluat exerci\u021biul. \u0218i am fost at\u00e2t de surprins\u0103 s\u0103 v\u0103d modul evident \u00een care mi-a tot ap\u0103rut \u0219i reap\u0103rut cuv\u00e2ntul &#8222;<strong>echilibru<\/strong>&#8222;. \u00cen noti\u021bele scrise, \u00een ce am citit, \u00een cele mai diverse contexte. \u0218i, interesant, parc\u0103 \u0219i \u00een starea mea de spirit.<br>A\u0219adar, \u00ee\u021bi mul\u021bumesc! Pentru ocazia de a sta de vorb\u0103 cu mine \u00een ciuda nelini\u0219tii din jur, de a descoperi un cuv\u00e2nt care deja \u00ee\u0219i face sim\u021bit efectul \u00een aceste zile \u0219i de a-mi face curaj s\u0103 r\u0103m\u00e2n prezent\u0103, recunosc\u0103toare \u0219i optimist\u0103. \u00cen echilibru &#8211; fizic, psihic \u0219i emo\u021bional.<br>S\u0103 ai un An Nou cu mult\u0103 mult\u0103 s\u0103n\u0103tate \u0219i bucurii!<br>Laura G<\/p>\n\n\n\n<p>Draga Irina,<br>Revin cu cele 2 cuvinte care s-au asezat in inima mea confortabil pentru 2022: <strong>ACCEPTARE si APRECIERE<\/strong>.<br>Deja le vad si le aud parca in fiecare zi, de cand am facut exercitiul.<br>Ma tot uit la ce am scris despre aceste 2 cuvinte si imi aduc atat de multa claritate:<br>La <strong>ACCEPTARE <\/strong>am scris: &#8222;Acceptarea e cu mine, bate la usa si vrea sa imi intre in inima, e blanda, fina si empatica. E ok sa simt.&#8221;<br>La <strong>APRECIERE <\/strong>am scris: &#8222;Ii apreciez pe cei din jur si vreau sa le spun asta. Imi deschide portile curiozitatii si le inchide pe cele ale negativitatii. Te apreciez si ma apreciez.&#8221;<br>Iti multumesc mult ca mi-ai fost ghid si anul acesta in stabilirea cuvantului anului 2022. Vroiam sa iti mai spun ca anul trecut, cuvantul meu a fost LINISTE, si cumva, toate urarile de la multi ani pe care le-am facut pe parcursul anului 2021 au continut acest cuvant, l-am purtat cu mine si l-am oferit cadou si celorlalti in ganduri. Este extraordinar cum se aseaza lucrurile. Multumesc!&#8221;<br>Cristina M<\/p>\n\n\n\n<p>Irina,<br>Cuvantul meu pentru 2021 este <strong>grija<\/strong>, secondat foarte indeaproape de disciplina. Si cuvintele de pe locurile 3-5 sunt importante, dar vor fi sustinute intr-un fel sau altul in urmatoarele luni (sper!).<br>Un an nou bun si cu multe momente frumoase!<br>Irina D.<\/p>\n\n\n\n<p>Draga Irina,<br>Sunt asadar in fata alegerii mele finale. Cuvantul magic este: <strong>CALM <\/strong>&#8211; cu doua ancore de care cred ca am nevoie, <strong>rabdare si maturitate<\/strong>.<br>Cu pretuire si ganduri bune,<br>Eugenia O.<\/p>\n\n\n\n<p>Irina,<br>In primul rand as vrea sa iti multumesc pentru acest exercitiu, a fost extraordinar de interesant. Un fel de soul searching mobilizator.<br>Cuvantul anului 2021 pentru mine este: <strong>PUTERNICA<\/strong>, cu derivatul SUNT PUTERNICA. Acesta imi va fi calauza in anul urmator, caci am in plan proiecte interesante!<br>Surprinzator a fost ca am decoperit acest cuvant abia atunci cand am realizat analiza celor cinci cuvinte selectate initial. Aceasta stare s-a regasit la trei dintre cele cinci cuvinte, ca raspuns la intrebarea: &#8222;Cum ma face sa ma simt?&#8221;. Atunci am avut un moment de tip AHA.<br>Te imbratisez si mMultumesc inca o data<br>Raluca S.<\/p>\n\n\n\n<p>Drag\u0103 Irina,<br>am reu\u0219it s\u0103 m\u0103 adun \u0219i s\u0103 parcurg exerci\u021biile propuse de tine. Cred ca am ajuns la cap\u0103tul c\u0103ut\u0103rii, cu <strong>ODIHN\u0102 \u0219i CONFORT<\/strong> \ud83d\ude42 Mi-a fost de ajutor s\u0103-mi vizualizez ziua ideal\u0103 \u0219i o s\u0103 continui cu investigarea cuvintelor cu acele \u00eentreb\u0103ri propuse de tine pentru evaluare lunar\u0103.<br>Raluca F.<\/p>\n\n\n\n<p>Buna Irina,<br>Avand in vedere ca anul ce va veni curand e anul meu numerologic 1 si ca ma voi muta intr-un apartament nou (sper sa aduca si gazele fara multa asteptare, curand), cuvantul ales e <strong>INNOIRE<\/strong>. Sper pe cat mai multe planuri.<br>La multi ani,<br>Mona I.<\/p>\n\n\n\n<p>Draga Irina,<br>Cuvantul anului pentru 2021 va fi &#8222;<strong>inceputuri<\/strong>&#8221; pentru ca asta mi-a venit in minte instant atunci cand am vazut primul email de la tine. L-am ales pentru ca 2020 a fost un an de vindecare si de trecut prin &#8222;the dark night of the soul&#8221;, care simt ca m-a tinut in loc ca sa-mi invat lectiile si apoi sa pot sa o iau de la capat, sper eu mai inteleapta si pregatita pentru altfel de alegeri decat cele de pana acum.<br>Vedem ce iese cand voi trage linie la final de 2021.<br>Te imbratisez cu drag,<br>Calina M<\/p>\n","protected":false},"excerpt":{"rendered":"<p>Sambata, 13 ianuarie 2024 &#8211; 6:30 &#8211; 9:00 pm Esti in cautarea unui exercitiu pe care sa il transformi in ritual, la fiecare inceput de an?Iti doresti o practica de explorare, care sa imbine intentiile, puterea personala si invitatia la imaginatie, pe care sa o simti mai motivanta si mai puternica decat traditionalele liste de [&hellip;]<\/p>\n","protected":false},"author":1,"featured_media":23867,"parent":0,"menu_order":0,"comment_status":"closed","ping_status":"closed","template":"","meta":{"footnotes":""},"class_list":["post-23862","page","type-page","status-publish","has-post-thumbnail","hentry"],"jetpack_sharing_enabled":true,"_links":{"self":[{"href":"https:\/\/www.stylediary.ro\/wordpress\/wp-json\/wp\/v2\/pages\/23862","targetHints":{"allow":["GET"]}}],"collection":[{"href":"https:\/\/www.stylediary.ro\/wordpress\/wp-json\/wp\/v2\/pages"}],"about":[{"href":"https:\/\/www.stylediary.ro\/wordpress\/wp-json\/wp\/v2\/types\/page"}],"author":[{"embeddable":true,"href":"https:\/\/www.stylediary.ro\/wordpress\/wp-json\/wp\/v2\/users\/1"}],"replies":[{"embeddable":true,"href":"https:\/\/www.stylediary.ro\/wordpress\/wp-json\/wp\/v2\/comments?post=23862"}],"version-history":[{"count":9,"href":"https:\/\/www.stylediary.ro\/wordpress\/wp-json\/wp\/v2\/pages\/23862\/revisions"}],"predecessor-version":[{"id":23872,"href":"https:\/\/www.stylediary.ro\/wordpress\/wp-json\/wp\/v2\/pages\/23862\/revisions\/23872"}],"wp:featuredmedia":[{"embeddable":true,"href":"https:\/\/www.stylediary.ro\/wordpress\/wp-json\/wp\/v2\/media\/23867"}],"wp:attachment":[{"href":"https:\/\/www.stylediary.ro\/wordpress\/wp-json\/wp\/v2\/media?parent=23862"}],"curies":[{"name":"wp","href":"https:\/\/api.w.org\/{rel}","templated":true}]}}